3*p = x - 126, -690 = -5*x - 4*p + p. Is x prime?
False
Is -3 - (-585 + ((-2)/2 - -2)) a prime number?
False
Let u(c) be the second derivative of c**4/12 - c**3/2 - 4*c**2 - 2*c. Let d be u(6). Suppose q - 2*q = -d. Is q a prime number?
False
Suppose -2*n + 3*n - 127 = 0. Is n prime?
True
Let j be (-12)/(-8)*(-4)/(-3). Suppose -40 = -j*n - 0*n. Is (195/n)/((-2)/(-8)) a prime number?
False
Suppose s - 2*m = -3*s + 154, 3*m + 193 = 5*s. Is s a composite number?
True
Let h be (-18)/3*(-103)/3. Suppose 4*o = -4*m + h + 74, 5*o + 2*m - 341 = 0. Is o prime?
True
Let y(k) = 4*k**3 - 8*k**2 - 3*k + 5. Is y(6) composite?
False
Suppose -3*u - 3 = 0, -d - 5*u - 1 = -2. Let l be (d/(-4))/((-9)/(-12)). Is 5 + -1 + l + 8 a composite number?
True
Let z(h) = -10*h + 1. Suppose 3*o - 25 = -2*o. Let b be 4 - o - 0/2. Is z(b) a composite number?
False
Is (3/(-2))/((-12)/1048) a prime number?
True
Suppose -4*g - 2235 = -7*g. Is g composite?
True
Suppose 3*d - r = 2, -3*d + 14 = 5*r - 3*r. Let y be 1/((-1)/(-5)) + 0. Suppose -2*k - 25 = -n, 2*k - 181 = -y*n - d*k. Is n a prime number?
False
Let w = 1 + -1. Let l be 34 - (w - 2/2). Let r = l - -42. Is r a prime number?
False
Let d(u) be the first derivative of 1/3*u**3 + 1 + 8*u - 5/2*u**2. Is d(7) composite?
True
Let b(h) = -264*h**3 - h. Suppose -5 = 2*w - 3*f, w = 4*f - 1 - 4. Is b(w) prime?
False
Suppose 5*d = -4*a - 327, 0*a - 4*d - 245 = 3*a. Let v = 194 + a. Let f = v + -32. Is f composite?
False
Suppose 7*n - 3*n = 12. Suppose 0*q + 3*q = 4*w - 104, n*w = 2*q + 77. Is w prime?
True
Let n(t) = 3*t**2 - t - 1. Suppose 3 - 4 = j. Let c be n(j). Suppose -8*b + c*b = -165. Is b a composite number?
True
Suppose -8*u = -16*u + 904. Is u a prime number?
True
Let x(p) = 69*p + 11. Is x(2) a composite number?
False
Let j(g) = 4*g**2 - 3*g - 15. Let q be j(11). Suppose -2*n + 1038 = -q. Is n prime?
False
Let g = 251 - 109. Suppose -159 = 3*w - 0*w. Let z = w + g. Is z a prime number?
True
Suppose b + 15 = 2*b. Suppose -5*n + 40 - b = 0. Suppose n*a + 2*y - 283 - 550 = 0, a + 4*y = 163. Is a a composite number?
False
Let o = 2810 - -785. Is o a composite number?
True
Suppose 3*n + 745 = -2*f, 1230 = -5*n - f - 0*f. Let i = -166 - n. Is i composite?
False
Let d be (444/16 - -1)*20. Suppose -2*o + d = 3*o. Is o a prime number?
False
Let x(a) = -a**2 - a + 260. Let j be x(0). Suppose 4*o = 96 + j. Is o composite?
False
Let o(t) = t**2 - 2*t + 3. Is o(3) a composite number?
True
Suppose 5*i - 15 = -5*c, -c + 2*c - 2 = -2*i. Suppose c*f - 5*f + 635 = 0. Is f a prime number?
False
Let c = 1129 - 546. Is c a prime number?
False
Suppose 0 = -5*o - 5*t + 1840, 0 = 3*o - 5*t - 0*t - 1128. Is o a composite number?
True
Let f(n) = -n**2 - n. Let d be f(0). Let y(t) = -t**3 - t**2 - t + 134. Is y(d) composite?
True
Suppose 0 = 3*z + 1604 - 6095. Is z composite?
True
Let w(t) = -t**2 + 4*t + 7. Let a be w(5). Suppose a = 5*n - 2*u, 0*u = -4*n - 4*u + 24. Suppose 238 = 6*v - 2*v + q, n*q - 4 = 0. Is v a prime number?
True
Suppose 0*u - 485 = -5*u. Is u composite?
False
Let k be (4 - 7)/((-6)/4). Let d = 87 - k. Is d a composite number?
True
Suppose 3*p - 5*x - 129 = 0, -5*p - 3*x = -2*p - 129. Suppose -2*i - 12 = -3*i. Let j = p - i. Is j a prime number?
True
Suppose -3*s = 3*v + 192, 2*v + s - 276 = 6*v. Let g = 17 - v. Is g a prime number?
False
Is (212/(-10))/(12/(-30)) prime?
True
Let y = -16 + 24. Suppose 0 = 2*j - 98 - y. Is j a composite number?
False
Is ((-7)/(-13 + 6))/((-1)/(-2359)) a composite number?
True
Let d(z) = 4*z**2 + 3 + 2*z**2 + z + z. Is d(-5) prime?
False
Is 1151 + 17 - 3/(-1) a composite number?
False
Let v be 9/4 - 2/8. Suppose -3*o + 5*f = -33, v*o - 3*o = 5*f + 9. Suppose o = 3*k - k. Is k a composite number?
False
Let q = -8 - -14. Suppose 4*f - q = 2. Suppose 118 = f*j + 32. Is j prime?
True
Let g(f) = f**3 + 7*f**2 - 5*f + 1. Suppose 8 + 16 = -4*a. Is g(a) a composite number?
False
Is -4 + (2 - -4) + -3 - -450 a prime number?
True
Let w = 0 + 0. Suppose w = -5*z + 59 + 576. Is z a composite number?
False
Let h = 619 + -362. Is h composite?
False
Is 0 - (-143 + (2 - 2)) composite?
True
Suppose b - 4 = -0*b. Suppose 54 = b*z + 2. Is z a composite number?
False
Let p = -2696 - -4825. Is p a prime number?
True
Let u(a) = -a**3 + 13*a**2 + 21*a - 9. Is u(14) a prime number?
True
Let k be ((-452)/16)/((-3)/60). Suppose k = -c + 6*c. Is c a composite number?
False
Is (7392/60 + 4/(-10))*5 prime?
False
Let r(k) = 13*k**2 - k - 1. Suppose 4*w + 2 + 6 = 0. Is r(w) prime?
True
Suppose 12 = -3*z, -z = -d + 4*z + 271. Is d composite?
False
Let t = 6 - -7. Suppose 105 = t*a - 8*a. Is a prime?
False
Suppose 0 = 5*n + 1 + 9, 3*v - 2*n - 10 = 0. Is (-4 + 2)/v + 38 prime?
True
Suppose 44 + 99 = j. Is j composite?
True
Suppose -204 = -a - b, 3*b - 189 = -a - b. Suppose 4*j + 1013 = 5*t, 4*j + a = -2*t + 3*t. Is t composite?
True
Let n be 7*(-18)/(-3)*-1. Let q = -23 - n. Is q prime?
True
Suppose 0 = 7*m - 2*m. Let o = -8 + 11. Is o*1 - m/(-2) a prime number?
True
Let w = 4080 + 2327. Is w a prime number?
False
Let a(c) = -60*c + 7. Is a(-13) a prime number?
True
Suppose 3*m - 8 = -2. Suppose 99 = -m*n + 647. Is n a prime number?
False
Let p = 2 + 34. Let o = -6 + 11. Let s = p - o. Is s composite?
False
Suppose 0 = -v + 2*a - a + 481, 3*a = -4*v + 1952. Is v a prime number?
False
Suppose 2*k = -i + 1, 0*k + 4*k - 4*i - 32 = 0. Suppose 803 - 50 = k*m. Is m composite?
False
Let b be (12/(8/(-2)))/(-1). Let h = 0 - -4. Is -6*b/h*-2 composite?
True
Let f be (0 + 1 - 20)/(-1). Let y = 9 - 18. Let k = y + f. Is k prime?
False
Let t(g) = 7*g**3 + 2*g**2 + 2*g - 2. Let l be t(2). Suppose n - 17 - l = 0. Is n composite?
False
Is 11/(1 + 32/(-34)) a composite number?
True
Suppose -2*m + 6085 = 3*m. Is m prime?
True
Let w(y) = -110*y - 23. Is w(-14) composite?
True
Suppose 8*f + 3*x = 4*f + 9944, -2*x - 9924 = -4*f. Is f composite?
True
Let n = -225 + 388. Is n a prime number?
True
Is (-2938)/(-5) - (-39)/(-65) a prime number?
True
Is 23*((-4 - -21) + 2) a prime number?
False
Let b(g) = -2*g - 4. Let i be b(-4). Suppose -i*p + 5*j + 1726 = 0, -5*j = -2*p - 191 + 1059. Suppose 5*q - p = 2*q. Is q a composite number?
True
Suppose -918 - 697 = -5*c. Is c composite?
True
Let s be 1/(-2) - (-165)/(-2). Let b = s - -270. Is b a prime number?
False
Suppose -i + 2*l = -l + 267, -2*i - 5*l = 534. Let a be 8/(-1)*-1 - 1. Is i*(a/(-3) - -2) composite?
False
Let l(t) = 2*t**2 - 13*t - 2. Is l(9) prime?
True
Let s be (1*(-1 - -4))/1. Suppose s*h = -6 - 0. Is 138/3 - 2/h a composite number?
False
Suppose -3*r - 2*w + 3367 = 844, 2502 = 3*r - 5*w. Is r prime?
True
Suppose 3*p - 36 = 5*t - 170, -5*t + 172 = -4*p. Let w = 115 + p. Is w a prime number?
False
Suppose 8*q = 3*q. Suppose 5*h - 995 = -q*h. Is h a composite number?
False
Suppose 0*y + 2*y - 8 = 0. Suppose y*m + 19 = 3. Let w(p) = -9*p - 3. Is w(m) a prime number?
False
Is 1/(255/127 - 2) a prime number?
True
Suppose 3*j - 276 = -0*j. Let f be (2 - 6)*(-2)/4. Suppose -6 = f*x - j. Is x a composite number?
False
Suppose -t + 4*t = 1674. Suppose 5*p + 4056 = 4*h, p - 1456 - t = -2*h. Is h a prime number?
True
Let g be 0 - (3 - 0 - 1). Let y(c) = 10*c**2 + 2*c - 1. Is y(g) a composite number?
True
Let y(c) = -4 - 3*c**3 - 6*c + 2*c**3 - 2*c - 4 + 9*c**2. Is y(7) prime?
False
Let o = 7 - 13. Is (-4)/o*(-42)/(-4) a composite number?
False
Let l = -18 + 3. Is (145/l)/((-2)/12) a prime number?
False
Let d = 49 + -34. Is d a composite number?
True
Suppose 312 = -2*i - 476. Let u = i - -787. Is u composite?
True
Let v(o) = -o**2 + 5*o + 3. Let i be v(5). Suppose 3 = -k, 0 = -0*g - i*g + k + 342. Is g a prime number?
True
Let j be 0*(-1 + 6/3). Suppose 3*f = -3*k - j*k + 33, -5*f + 25 = -5*k. Let v(b) = 2*b**2 - 11*b - 5. Is v(f) a prime number?
False
Let r = -5 + 4. Let q(o) = o**2 + 1. Let f be q(r). Is ((-489)/(-6))/(f/4) prime?
True
Suppose -2*q + 2*l + 476 = 0, -3*q - 2*l = 3*l - 674. Let o = 396 - q. Is o composite?
False
Suppose 3*i + 2 = -5*w - 0*w, 2*i = -4*w. Suppose 0*k - w*k + 406 = 0. Is k a composite number?
True
Suppose -310 = -3*l + 1061. Suppose 5*i - l = 288. Is i prime?
True
Let i(a) = 2*a**2 - 5*a + 1. Is i(-4) prime?
True
Is (-1681)/(-9) - 48/(-216) a composite number?
True
